{"id":966,"date":"2017-10-12T10:02:36","date_gmt":"2017-10-12T10:02:36","guid":{"rendered":"http:\/\/thierryguibert.fr\/?page_id=966"},"modified":"2017-10-30T10:13:48","modified_gmt":"2017-10-30T10:13:48","slug":"chaosmose","status":"publish","type":"page","link":"https:\/\/thierryguibert.fr\/?page_id=966","title":{"rendered":"Chaosmose (projet en cours)"},"content":{"rendered":"<p><a href=\"http:\/\/thierryguibert.fr\/wp-content\/uploads\/2017\/10\/Performance-Chaosmose_T-Guibert-et-M-Te\u00cc\u0081treault_CR-Marion-Gotti-Avatar-60.jpeg\"><img loading=\"lazy\" class=\"alignnone size-full wp-image-967\" src=\"http:\/\/thierryguibert.fr\/wp-content\/uploads\/2017\/10\/Performance-Chaosmose_T-Guibert-et-M-Te\u00cc\u0081treault_CR-Marion-Gotti-Avatar-60.jpeg\" alt=\"\" width=\"1280\" height=\"854\" \/><br \/>\n<\/a>Chaosmose est le projet d&rsquo;un remixage audiovisuel infini&#8230; \u00e0 chaque \u00ab\u00a0\u00e9pisode\u00a0\u00bb de Chaosmose, Martin T\u00e9treault et Thierry Guibert se retrouvent pour reprendre et d\u00e9velopper \u00ab\u00a0l&rsquo;expansion\u00a0\u00bb d&rsquo;un disque originel. Pochette et emballage, sillon et signal, macaron central et typographie, vitesse et sens de lecture, son et image&#8230; tous les \u00e9l\u00e9ments constitutifs du disque originel sont alors remis en jeu dans une improvisation libre et sans dur\u00e9e d\u00e9termin\u00e9e. Chaosmose est ensuite laiss\u00e9e dans un \u00e9tat \u00ab\u00a0stable\u00a0\u00bb jusqu&rsquo;\u00e0 la prochaine session.<\/p>\n<p><iframe loading=\"lazy\" src=\"https:\/\/player.vimeo.com\/video\/238937967\" width=\"640\" height=\"360\" frameborder=\"0\" allowfullscreen=\"allowfullscreen\"><\/iframe><\/p>\n<p><a href=\"https:\/\/vimeo.com\/238937967\">Thierry Guibert et Martin T\u00e9treault, \u00ab Chaosmose \u00bb<\/a> from <a href=\"https:\/\/vimeo.com\/avatarquebec\">Avatar<\/a> on <a href=\"https:\/\/vimeo.com\">Vimeo<\/a>.<\/p>\n","protected":false},"excerpt":{"rendered":"<p>Chaosmose est le projet d&rsquo;un remixage audiovisuel infini&#8230; \u00e0 chaque \u00ab\u00a0\u00e9pisode\u00a0\u00bb de Chaosmose, Martin T\u00e9treault et Thierry Guibert se retrouvent pour reprendre et d\u00e9velopper \u00ab\u00a0l&rsquo;expansion\u00a0\u00bb d&rsquo;un disque originel. Pochette et emballage, sillon et signal, macaron central et typographie, vitesse et sens de lecture, son et image&#8230; tous les \u00e9l\u00e9ments constitutifs du disque originel sont alors&#8230;  <a class=\"excerpt-read-more\" href=\"https:\/\/thierryguibert.fr\/?page_id=966\" title=\"Read Chaosmose (projet en cours)\">Read more &raquo;<\/a><\/p>\n","protected":false},"author":1,"featured_media":0,"parent":56,"menu_order":0,"comment_status":"closed","ping_status":"closed","template":"","meta":[],"acf":[],"_links":{"self":[{"href":"https:\/\/thierryguibert.fr\/index.php?rest_route=\/wp\/v2\/pages\/966"}],"collection":[{"href":"https:\/\/thierryguibert.fr\/index.php?rest_route=\/wp\/v2\/pages"}],"about":[{"href":"https:\/\/thierryguibert.fr\/index.php?rest_route=\/wp\/v2\/types\/page"}],"author":[{"embeddable":true,"href":"https:\/\/thierryguibert.fr\/index.php?rest_route=\/wp\/v2\/users\/1"}],"replies":[{"embeddable":true,"href":"https:\/\/thierryguibert.fr\/index.php?rest_route=%2Fwp%2Fv2%2Fcomments&post=966"}],"version-history":[{"count":7,"href":"https:\/\/thierryguibert.fr\/index.php?rest_route=\/wp\/v2\/pages\/966\/revisions"}],"predecessor-version":[{"id":1000,"href":"https:\/\/thierryguibert.fr\/index.php?rest_route=\/wp\/v2\/pages\/966\/revisions\/1000"}],"up":[{"embeddable":true,"href":"https:\/\/thierryguibert.fr\/index.php?rest_route=\/wp\/v2\/pages\/56"}],"wp:attachment":[{"href":"https:\/\/thierryguibert.fr\/index.php?rest_route=%2Fwp%2Fv2%2Fmedia&parent=966"}],"curies":[{"name":"wp","href":"https:\/\/api.w.org\/{rel}","templated":true}]}}