{"id":583,"date":"2016-12-01T20:43:35","date_gmt":"2016-12-01T20:43:35","guid":{"rendered":"http:\/\/thierryguibert.fr\/?page_id=583"},"modified":"2017-06-03T22:16:14","modified_gmt":"2017-06-03T22:16:14","slug":"concrete-photosonic","status":"publish","type":"page","link":"https:\/\/thierryguibert.fr\/?page_id=583","title":{"rendered":"CONCRETE : PhotoSonic"},"content":{"rendered":"<p>Voici un\u00a0extrait vid\u00e9o de l&rsquo;album\u00a0<strong>PhotoSonic<\/strong>\u00a0r\u00e9alis\u00e9 par le duo\u00a0<a href=\"http:\/\/thierryguibert.fr\/?page_id=383\">CONCRETE<\/a>.<br \/>\nCe clip est enti\u00e8rement g\u00e9n\u00e9r\u00e9 en temps r\u00e9el (son et image) \u00e0 partir de disques graphiques imprim\u00e9s sur papier et interpr\u00e9t\u00e9s\u00a0par l&rsquo;instrument\u00a0<a href=\"http:\/\/thierryguibert.fr\/?page_id=67\">SOLARIS<\/a>.<br \/>\n<strong>PhotoSonic<\/strong> est une exp\u00e9rimentation bas\u00e9e sur la r\u00e9v\u00e9lation d\u2019une forme par la lumi\u00e8re. Par un jeu de flashs lumineux, les performeurs dessinent des \u00ab\u00a0lignes de sons\u00a0\u00bb qui par intermittence font appara\u00eetre une sph\u00e8re\u00a0: boule d\u2019\u00e9nergie en gestation.<br \/>\nIl est recommand\u00e9\u00a0d&rsquo;\u00e9couter\u00a0l&rsquo;extrait avec un casque audio de bonne qualit\u00e9.<br \/>\n<iframe loading=\"lazy\" src=\"https:\/\/www.youtube.com\/embed\/ZNPUeO6SYmI\" width=\"560\" height=\"315\" frameborder=\"0\" allowfullscreen=\"allowfullscreen\"><\/iframe><a href=\"http:\/\/thierryguibert.fr\/wp-content\/uploads\/2016\/11\/161112-2342-45.jpg\"><br \/>\n<\/a>Ci-dessous, un enregistrement sonore de\u00a0<strong>PhotoSonic<\/strong>\u00a0g\u00e9n\u00e9r\u00e9 en temps r\u00e9el lors de la performance \u00e0 \u00ab\u00a0Espaces Pluriels\u00a0\u00bb \u00e0 Pau le samedi 11 mars 2017.<\/p>\n<!--[if lt IE 9]><script>document.createElement('audio');<\/script><![endif]-->\n<audio class=\"wp-audio-shortcode\" id=\"audio-583-1\" preload=\"none\" style=\"width: 100%;\" controls=\"controls\"><source type=\"audio\/mpeg\" src=\"http:\/\/thierryguibert.fr\/wp-content\/uploads\/2017\/06\/CONCRETE-PhotoSonic-EspacesPluriels.mp3?_=1\" \/><a href=\"http:\/\/thierryguibert.fr\/wp-content\/uploads\/2017\/06\/CONCRETE-PhotoSonic-EspacesPluriels.mp3\">http:\/\/thierryguibert.fr\/wp-content\/uploads\/2017\/06\/CONCRETE-PhotoSonic-EspacesPluriels.mp3<\/a><\/audio>\n<p>Ci-dessous, quelques disques de la s\u00e9rie\u00a0<strong>PhotoSonic<\/strong>.<br \/>\n<a href=\"http:\/\/thierryguibert.fr\/wp-content\/uploads\/2016\/11\/Poster_Concrete_Photosonic-01-LowRes.jpg\"><img loading=\"lazy\" class=\"alignnone size-full wp-image-531\" src=\"http:\/\/thierryguibert.fr\/wp-content\/uploads\/2016\/11\/Poster_Concrete_Photosonic-01-LowRes.jpg\" alt=\"poster_concrete_photosonic-01-lowres\" width=\"1000\" height=\"1333\" srcset=\"https:\/\/thierryguibert.fr\/wp-content\/uploads\/2016\/11\/Poster_Concrete_Photosonic-01-LowRes.jpg 1000w, https:\/\/thierryguibert.fr\/wp-content\/uploads\/2016\/11\/Poster_Concrete_Photosonic-01-LowRes-225x300.jpg 225w, https:\/\/thierryguibert.fr\/wp-content\/uploads\/2016\/11\/Poster_Concrete_Photosonic-01-LowRes-768x1024.jpg 768w\" sizes=\"(max-width: 1000px) 100vw, 1000px\" \/><\/a>Ci dessous, quelques exemple de visualisation 3D des disques PhotoSonic dans SOLARIS.<br \/>\n<a href=\"http:\/\/thierryguibert.fr\/wp-content\/uploads\/2016\/11\/161112-2342-45.jpg\"><img loading=\"lazy\" class=\"alignnone size-full wp-image-510\" src=\"http:\/\/thierryguibert.fr\/wp-content\/uploads\/2016\/11\/161112-2342-45.jpg\" alt=\"161112-2342-45\" width=\"1920\" height=\"1080\" srcset=\"https:\/\/thierryguibert.fr\/wp-content\/uploads\/2016\/11\/161112-2342-45.jpg 1920w, https:\/\/thierryguibert.fr\/wp-content\/uploads\/2016\/11\/161112-2342-45-300x169.jpg 300w, https:\/\/thierryguibert.fr\/wp-content\/uploads\/2016\/11\/161112-2342-45-768x432.jpg 768w, https:\/\/thierryguibert.fr\/wp-content\/uploads\/2016\/11\/161112-2342-45-1024x576.jpg 1024w\" sizes=\"(max-width: 1920px) 100vw, 1920px\" \/><\/a><br \/>\n<a href=\"http:\/\/thierryguibert.fr\/wp-content\/uploads\/2016\/11\/161112-2340-19.jpg\"><img loading=\"lazy\" class=\"alignnone size-full wp-image-508\" src=\"http:\/\/thierryguibert.fr\/wp-content\/uploads\/2016\/11\/161112-2340-19.jpg\" alt=\"161112-2340-19\" width=\"1920\" height=\"1080\" srcset=\"https:\/\/thierryguibert.fr\/wp-content\/uploads\/2016\/11\/161112-2340-19.jpg 1920w, https:\/\/thierryguibert.fr\/wp-content\/uploads\/2016\/11\/161112-2340-19-300x169.jpg 300w, https:\/\/thierryguibert.fr\/wp-content\/uploads\/2016\/11\/161112-2340-19-768x432.jpg 768w, https:\/\/thierryguibert.fr\/wp-content\/uploads\/2016\/11\/161112-2340-19-1024x576.jpg 1024w\" sizes=\"(max-width: 1920px) 100vw, 1920px\" \/><br \/>\n<\/a><a href=\"http:\/\/thierryguibert.fr\/wp-content\/uploads\/2016\/11\/161112-2337-19.jpg\"><img loading=\"lazy\" class=\"alignnone size-full wp-image-507\" src=\"http:\/\/thierryguibert.fr\/wp-content\/uploads\/2016\/11\/161112-2337-19.jpg\" alt=\"161112-2337-19\" width=\"1920\" height=\"1080\" srcset=\"https:\/\/thierryguibert.fr\/wp-content\/uploads\/2016\/11\/161112-2337-19.jpg 1920w, https:\/\/thierryguibert.fr\/wp-content\/uploads\/2016\/11\/161112-2337-19-300x169.jpg 300w, https:\/\/thierryguibert.fr\/wp-content\/uploads\/2016\/11\/161112-2337-19-768x432.jpg 768w, https:\/\/thierryguibert.fr\/wp-content\/uploads\/2016\/11\/161112-2337-19-1024x576.jpg 1024w\" sizes=\"(max-width: 1920px) 100vw, 1920px\" \/><\/a><a href=\"http:\/\/thierryguibert.fr\/wp-content\/uploads\/2016\/11\/Poster_Concrete_Photosonic-01-LowRes.jpg\"><br \/>\n<\/a><\/p>\n","protected":false},"excerpt":{"rendered":"<p>Voici un\u00a0extrait vid\u00e9o de l&rsquo;album\u00a0PhotoSonic\u00a0r\u00e9alis\u00e9 par le duo\u00a0CONCRETE. Ce clip est enti\u00e8rement g\u00e9n\u00e9r\u00e9 en temps r\u00e9el (son et image) \u00e0 partir de disques graphiques imprim\u00e9s sur papier et interpr\u00e9t\u00e9s\u00a0par l&rsquo;instrument\u00a0SOLARIS. PhotoSonic est une exp\u00e9rimentation bas\u00e9e sur la r\u00e9v\u00e9lation d\u2019une forme par la lumi\u00e8re. Par un jeu de flashs lumineux, les performeurs dessinent des \u00ab\u00a0lignes de&#8230;  <a class=\"excerpt-read-more\" href=\"https:\/\/thierryguibert.fr\/?page_id=583\" title=\"Read CONCRETE : PhotoSonic\">Read more &raquo;<\/a><\/p>\n","protected":false},"author":1,"featured_media":0,"parent":383,"menu_order":0,"comment_status":"closed","ping_status":"closed","template":"","meta":[],"acf":[],"_links":{"self":[{"href":"https:\/\/thierryguibert.fr\/index.php?rest_route=\/wp\/v2\/pages\/583"}],"collection":[{"href":"https:\/\/thierryguibert.fr\/index.php?rest_route=\/wp\/v2\/pages"}],"about":[{"href":"https:\/\/thierryguibert.fr\/index.php?rest_route=\/wp\/v2\/types\/page"}],"author":[{"embeddable":true,"href":"https:\/\/thierryguibert.fr\/index.php?rest_route=\/wp\/v2\/users\/1"}],"replies":[{"embeddable":true,"href":"https:\/\/thierryguibert.fr\/index.php?rest_route=%2Fwp%2Fv2%2Fcomments&post=583"}],"version-history":[{"count":5,"href":"https:\/\/thierryguibert.fr\/index.php?rest_route=\/wp\/v2\/pages\/583\/revisions"}],"predecessor-version":[{"id":858,"href":"https:\/\/thierryguibert.fr\/index.php?rest_route=\/wp\/v2\/pages\/583\/revisions\/858"}],"up":[{"embeddable":true,"href":"https:\/\/thierryguibert.fr\/index.php?rest_route=\/wp\/v2\/pages\/383"}],"wp:attachment":[{"href":"https:\/\/thierryguibert.fr\/index.php?rest_route=%2Fwp%2Fv2%2Fmedia&parent=583"}],"curies":[{"name":"wp","href":"https:\/\/api.w.org\/{rel}","templated":true}]}}