{"id":562,"date":"2016-12-01T20:29:42","date_gmt":"2016-12-01T20:29:42","guid":{"rendered":"http:\/\/thierryguibert.fr\/?page_id=562"},"modified":"2016-12-01T20:33:26","modified_gmt":"2016-12-01T20:33:26","slug":"mecanique-generale-textures","status":"publish","type":"page","link":"https:\/\/thierryguibert.fr\/?page_id=562","title":{"rendered":"M\u00e9canique g\u00e9n\u00e9rale : Textures"},"content":{"rendered":"<p><a href=\"http:\/\/thierryguibert.fr\/wp-content\/uploads\/2016\/12\/MONTAGE-TEXTURE-1087.jpg\"><img loading=\"lazy\" class=\"alignnone size-full wp-image-567\" src=\"http:\/\/thierryguibert.fr\/wp-content\/uploads\/2016\/12\/MONTAGE-TEXTURE-1087.jpg\" alt=\"montage-texture-1087\" width=\"2598\" height=\"1654\" srcset=\"https:\/\/thierryguibert.fr\/wp-content\/uploads\/2016\/12\/MONTAGE-TEXTURE-1087.jpg 2598w, https:\/\/thierryguibert.fr\/wp-content\/uploads\/2016\/12\/MONTAGE-TEXTURE-1087-300x191.jpg 300w, https:\/\/thierryguibert.fr\/wp-content\/uploads\/2016\/12\/MONTAGE-TEXTURE-1087-768x489.jpg 768w, https:\/\/thierryguibert.fr\/wp-content\/uploads\/2016\/12\/MONTAGE-TEXTURE-1087-1024x652.jpg 1024w\" sizes=\"(max-width: 2598px) 100vw, 2598px\" \/><\/a><a href=\"http:\/\/thierryguibert.fr\/wp-content\/uploads\/2016\/12\/MONTAGE-TEXTURE-1088.jpg\"><img loading=\"lazy\" class=\"alignnone size-full wp-image-568\" src=\"http:\/\/thierryguibert.fr\/wp-content\/uploads\/2016\/12\/MONTAGE-TEXTURE-1088.jpg\" alt=\"montage-texture-1088\" width=\"2598\" height=\"1654\" srcset=\"https:\/\/thierryguibert.fr\/wp-content\/uploads\/2016\/12\/MONTAGE-TEXTURE-1088.jpg 2598w, https:\/\/thierryguibert.fr\/wp-content\/uploads\/2016\/12\/MONTAGE-TEXTURE-1088-300x191.jpg 300w, https:\/\/thierryguibert.fr\/wp-content\/uploads\/2016\/12\/MONTAGE-TEXTURE-1088-768x489.jpg 768w, https:\/\/thierryguibert.fr\/wp-content\/uploads\/2016\/12\/MONTAGE-TEXTURE-1088-1024x652.jpg 1024w\" sizes=\"(max-width: 2598px) 100vw, 2598px\" \/><\/a><a href=\"http:\/\/thierryguibert.fr\/wp-content\/uploads\/2016\/12\/MONTAGE-TEXTURE-293.jpg\"><img loading=\"lazy\" class=\"alignnone size-full wp-image-565\" src=\"http:\/\/thierryguibert.fr\/wp-content\/uploads\/2016\/12\/MONTAGE-TEXTURE-293.jpg\" alt=\"montage-texture-293\" width=\"2598\" height=\"1654\" srcset=\"https:\/\/thierryguibert.fr\/wp-content\/uploads\/2016\/12\/MONTAGE-TEXTURE-293.jpg 2598w, https:\/\/thierryguibert.fr\/wp-content\/uploads\/2016\/12\/MONTAGE-TEXTURE-293-300x191.jpg 300w, https:\/\/thierryguibert.fr\/wp-content\/uploads\/2016\/12\/MONTAGE-TEXTURE-293-768x489.jpg 768w, https:\/\/thierryguibert.fr\/wp-content\/uploads\/2016\/12\/MONTAGE-TEXTURE-293-1024x652.jpg 1024w\" sizes=\"(max-width: 2598px) 100vw, 2598px\" \/><\/a><a href=\"http:\/\/thierryguibert.fr\/wp-content\/uploads\/2016\/12\/MONTAGE-TEXTURE-257.jpg\"><img loading=\"lazy\" class=\"alignnone size-full wp-image-566\" src=\"http:\/\/thierryguibert.fr\/wp-content\/uploads\/2016\/12\/MONTAGE-TEXTURE-257.jpg\" alt=\"montage-texture-257\" width=\"2598\" height=\"1654\" srcset=\"https:\/\/thierryguibert.fr\/wp-content\/uploads\/2016\/12\/MONTAGE-TEXTURE-257.jpg 2598w, https:\/\/thierryguibert.fr\/wp-content\/uploads\/2016\/12\/MONTAGE-TEXTURE-257-300x191.jpg 300w, https:\/\/thierryguibert.fr\/wp-content\/uploads\/2016\/12\/MONTAGE-TEXTURE-257-768x489.jpg 768w, https:\/\/thierryguibert.fr\/wp-content\/uploads\/2016\/12\/MONTAGE-TEXTURE-257-1024x652.jpg 1024w\" sizes=\"(max-width: 2598px) 100vw, 2598px\" \/><\/a><a href=\"http:\/\/thierryguibert.fr\/wp-content\/uploads\/2016\/12\/MONTAGE-TEXTURE-210.jpg\"><img loading=\"lazy\" class=\"alignnone size-full wp-image-560\" src=\"http:\/\/thierryguibert.fr\/wp-content\/uploads\/2016\/12\/MONTAGE-TEXTURE-210.jpg\" alt=\"montage-texture-210\" width=\"2598\" height=\"1654\" srcset=\"https:\/\/thierryguibert.fr\/wp-content\/uploads\/2016\/12\/MONTAGE-TEXTURE-210.jpg 2598w, https:\/\/thierryguibert.fr\/wp-content\/uploads\/2016\/12\/MONTAGE-TEXTURE-210-300x191.jpg 300w, https:\/\/thierryguibert.fr\/wp-content\/uploads\/2016\/12\/MONTAGE-TEXTURE-210-768x489.jpg 768w, https:\/\/thierryguibert.fr\/wp-content\/uploads\/2016\/12\/MONTAGE-TEXTURE-210-1024x652.jpg 1024w\" sizes=\"(max-width: 2598px) 100vw, 2598px\" \/><\/a><a href=\"http:\/\/thierryguibert.fr\/wp-content\/uploads\/2016\/12\/MONTAGE-TEXTURE-210.jpg\"><br \/>\n<\/a><a href=\"http:\/\/thierryguibert.fr\/wp-content\/uploads\/2016\/12\/MONTAGE-TEXTURE-920.jpg\"><img loading=\"lazy\" class=\"alignnone size-full wp-image-561\" src=\"http:\/\/thierryguibert.fr\/wp-content\/uploads\/2016\/12\/MONTAGE-TEXTURE-920.jpg\" alt=\"montage-texture-920\" width=\"2598\" height=\"1654\" srcset=\"https:\/\/thierryguibert.fr\/wp-content\/uploads\/2016\/12\/MONTAGE-TEXTURE-920.jpg 2598w, https:\/\/thierryguibert.fr\/wp-content\/uploads\/2016\/12\/MONTAGE-TEXTURE-920-300x191.jpg 300w, https:\/\/thierryguibert.fr\/wp-content\/uploads\/2016\/12\/MONTAGE-TEXTURE-920-768x489.jpg 768w, https:\/\/thierryguibert.fr\/wp-content\/uploads\/2016\/12\/MONTAGE-TEXTURE-920-1024x652.jpg 1024w\" sizes=\"(max-width: 2598px) 100vw, 2598px\" \/><\/a><a href=\"http:\/\/thierryguibert.fr\/wp-content\/uploads\/2016\/12\/MONTAGE-TEXTURE-920.jpg\"><br \/>\n<\/a><a href=\"http:\/\/thierryguibert.fr\/wp-content\/uploads\/2016\/12\/MONTAGE-TEXTURE-1109.jpg\"><img loading=\"lazy\" class=\"alignnone size-full wp-image-559\" src=\"http:\/\/thierryguibert.fr\/wp-content\/uploads\/2016\/12\/MONTAGE-TEXTURE-1109.jpg\" alt=\"montage-texture-1109\" width=\"2598\" height=\"1654\" srcset=\"https:\/\/thierryguibert.fr\/wp-content\/uploads\/2016\/12\/MONTAGE-TEXTURE-1109.jpg 2598w, https:\/\/thierryguibert.fr\/wp-content\/uploads\/2016\/12\/MONTAGE-TEXTURE-1109-300x191.jpg 300w, https:\/\/thierryguibert.fr\/wp-content\/uploads\/2016\/12\/MONTAGE-TEXTURE-1109-768x489.jpg 768w, https:\/\/thierryguibert.fr\/wp-content\/uploads\/2016\/12\/MONTAGE-TEXTURE-1109-1024x652.jpg 1024w\" sizes=\"(max-width: 2598px) 100vw, 2598px\" \/><br \/>\n<\/a><a href=\"http:\/\/thierryguibert.fr\/wp-content\/uploads\/2016\/12\/MONTAGE-TEXTURE-404.jpg\"><img loading=\"lazy\" class=\"alignnone size-full wp-image-558\" src=\"http:\/\/thierryguibert.fr\/wp-content\/uploads\/2016\/12\/MONTAGE-TEXTURE-404.jpg\" alt=\"montage-texture-404\" width=\"2598\" height=\"1654\" srcset=\"https:\/\/thierryguibert.fr\/wp-content\/uploads\/2016\/12\/MONTAGE-TEXTURE-404.jpg 2598w, https:\/\/thierryguibert.fr\/wp-content\/uploads\/2016\/12\/MONTAGE-TEXTURE-404-300x191.jpg 300w, https:\/\/thierryguibert.fr\/wp-content\/uploads\/2016\/12\/MONTAGE-TEXTURE-404-768x489.jpg 768w, https:\/\/thierryguibert.fr\/wp-content\/uploads\/2016\/12\/MONTAGE-TEXTURE-404-1024x652.jpg 1024w\" sizes=\"(max-width: 2598px) 100vw, 2598px\" \/><\/a><\/p>\n","protected":false},"excerpt":{"rendered":"","protected":false},"author":1,"featured_media":0,"parent":117,"menu_order":0,"comment_status":"closed","ping_status":"closed","template":"full-width.php","meta":[],"acf":[],"_links":{"self":[{"href":"https:\/\/thierryguibert.fr\/index.php?rest_route=\/wp\/v2\/pages\/562"}],"collection":[{"href":"https:\/\/thierryguibert.fr\/index.php?rest_route=\/wp\/v2\/pages"}],"about":[{"href":"https:\/\/thierryguibert.fr\/index.php?rest_route=\/wp\/v2\/types\/page"}],"author":[{"embeddable":true,"href":"https:\/\/thierryguibert.fr\/index.php?rest_route=\/wp\/v2\/users\/1"}],"replies":[{"embeddable":true,"href":"https:\/\/thierryguibert.fr\/index.php?rest_route=%2Fwp%2Fv2%2Fcomments&post=562"}],"version-history":[{"count":4,"href":"https:\/\/thierryguibert.fr\/index.php?rest_route=\/wp\/v2\/pages\/562\/revisions"}],"predecessor-version":[{"id":571,"href":"https:\/\/thierryguibert.fr\/index.php?rest_route=\/wp\/v2\/pages\/562\/revisions\/571"}],"up":[{"embeddable":true,"href":"https:\/\/thierryguibert.fr\/index.php?rest_route=\/wp\/v2\/pages\/117"}],"wp:attachment":[{"href":"https:\/\/thierryguibert.fr\/index.php?rest_route=%2Fwp%2Fv2%2Fmedia&parent=562"}],"curies":[{"name":"wp","href":"https:\/\/api.w.org\/{rel}","templated":true}]}}