{"id":383,"date":"2016-10-09T15:16:24","date_gmt":"2016-10-09T15:16:24","guid":{"rendered":"http:\/\/thierryguibert.fr\/?page_id=383"},"modified":"2017-06-09T08:18:39","modified_gmt":"2017-06-09T08:18:39","slug":"concrete","status":"publish","type":"page","link":"https:\/\/thierryguibert.fr\/?page_id=383","title":{"rendered":"CONCRETE"},"content":{"rendered":"<p><strong><a href=\"http:\/\/thierryguibert.fr\/wp-content\/uploads\/2016\/10\/CONCRET_ISI-2.jpg\"><img loading=\"lazy\" class=\"alignnone size-full wp-image-379\" src=\"http:\/\/thierryguibert.fr\/wp-content\/uploads\/2016\/10\/CONCRET_ISI-2.jpg\" alt=\"concret_isi-2\" width=\"4496\" height=\"3000\" srcset=\"https:\/\/thierryguibert.fr\/wp-content\/uploads\/2016\/10\/CONCRET_ISI-2.jpg 4496w, https:\/\/thierryguibert.fr\/wp-content\/uploads\/2016\/10\/CONCRET_ISI-2-300x200.jpg 300w, https:\/\/thierryguibert.fr\/wp-content\/uploads\/2016\/10\/CONCRET_ISI-2-768x512.jpg 768w, https:\/\/thierryguibert.fr\/wp-content\/uploads\/2016\/10\/CONCRET_ISI-2-1024x683.jpg 1024w\" sizes=\"(max-width: 4496px) 100vw, 4496px\" \/><\/a><\/strong><br \/>\n<strong><a href=\"http:\/\/thierryguibert.fr\/wp-content\/uploads\/2016\/10\/DSC_0014.jpg\"><img loading=\"lazy\" class=\"alignnone size-full wp-image-403\" src=\"http:\/\/thierryguibert.fr\/wp-content\/uploads\/2016\/10\/DSC_0014.jpg\" alt=\"dsc_0014\" width=\"4496\" height=\"3000\" srcset=\"https:\/\/thierryguibert.fr\/wp-content\/uploads\/2016\/10\/DSC_0014.jpg 4496w, https:\/\/thierryguibert.fr\/wp-content\/uploads\/2016\/10\/DSC_0014-300x200.jpg 300w, https:\/\/thierryguibert.fr\/wp-content\/uploads\/2016\/10\/DSC_0014-768x512.jpg 768w, https:\/\/thierryguibert.fr\/wp-content\/uploads\/2016\/10\/DSC_0014-1024x683.jpg 1024w\" sizes=\"(max-width: 4496px) 100vw, 4496px\" \/><\/a><\/strong><br \/>\n<strong><a href=\"http:\/\/thierryguibert.fr\/wp-content\/uploads\/2016\/10\/DSC_0013.jpg\"><img loading=\"lazy\" class=\"alignnone size-full wp-image-402\" src=\"http:\/\/thierryguibert.fr\/wp-content\/uploads\/2016\/10\/DSC_0013.jpg\" alt=\"dsc_0013\" width=\"4496\" height=\"3000\" srcset=\"https:\/\/thierryguibert.fr\/wp-content\/uploads\/2016\/10\/DSC_0013.jpg 4496w, https:\/\/thierryguibert.fr\/wp-content\/uploads\/2016\/10\/DSC_0013-300x200.jpg 300w, https:\/\/thierryguibert.fr\/wp-content\/uploads\/2016\/10\/DSC_0013-768x512.jpg 768w, https:\/\/thierryguibert.fr\/wp-content\/uploads\/2016\/10\/DSC_0013-1024x683.jpg 1024w\" sizes=\"(max-width: 4496px) 100vw, 4496px\" \/><\/a><\/strong><\/p>\n<p><strong>CONCRETE<\/strong> est un duo d\u2019artistes Fran\u00e7ais. Il est compos\u00e9 de Thierry Guibert (plasticien multim\u00e9dia, programmeur) et d\u2019Emmanuel Hourquet (Designer graphique 2D\/3D, Vid\u00e9o Jockey). Leur approche du Design est fondamentalement exp\u00e9rimentale : c\u2019est le faire, le prototypage, le test et la d\u00e9mo qui guident les recherches. Trans et inter-m\u00e9dium leurs exp\u00e9rimentations privil\u00e9gient une approche o\u00f9 le graphisme, la vid\u00e9o, la 3D, le son et l\u2019interactivit\u00e9 se rencontrent\u00a0pour g\u00e9n\u00e9rer des formes complexes et multidimensionnelles.<\/p>\n<p>Actuellement, le duo <strong>CONCRETE<\/strong> a r\u00e9alis\u00e9 deux albums audiovisuel \u00e0 partir de l&rsquo;instrument <a href=\"http:\/\/thierryguibert.fr\/?page_id=67\"><strong>SOLARIS<\/strong><\/a> : <a href=\"http:\/\/thierryguibert.fr\/?page_id=586\"><strong>Gradients<\/strong><\/a> et <a href=\"http:\/\/thierryguibert.fr\/?page_id=583\"><strong>PhotoSonic<\/strong><\/a>.<\/p>\n<p>Pour contacter le duo CONCRETE :<a href=\"http:\/\/wearekitchen.com\"><br \/>\n<\/a>Thierry Guibert : thierryguibert[at]thierryguibert.fr<\/p>\n<p><strong><br \/>\n<\/strong><strong> L&rsquo;instrument <a href=\"http:\/\/thierryguibert.fr\/?page_id=67\">SOLARIS<br \/>\n<\/a><\/strong>Ci-dessous, une pr\u00e9sentation\u00a0de l&rsquo;instrument <a href=\"http:\/\/thierryguibert.fr\/?page_id=67\"><strong>SOLARIS<\/strong><\/a> (en anglais)<\/p>\n<p><iframe loading=\"lazy\" src=\"https:\/\/www.youtube.com\/embed\/exp7fNCJ1Tk\" width=\"560\" height=\"315\" frameborder=\"0\" allowfullscreen=\"allowfullscreen\"><\/iframe><\/p>\n<p>A l\u2019origine, <a href=\"http:\/\/thierryguibert.fr\/?page_id=67\"><strong>SOLARIS<\/strong><\/a> est un projet de sonorisation de disques graphiques. Dans la lign\u00e9e des travaux de Thomas Wilfred et de Daniel Rossin\u00e9 Thierry Guibert a imagin\u00e9 et d\u00e9velopp\u00e9 un instrument qui permet de transformer des formes visuelles en formes sonores\u00a0: un pickup-scanner-synth\u00e9tiseur.<\/p>\n<p>V\u00e9ritable instrument audiovisuel, <a href=\"http:\/\/thierryguibert.fr\/?page_id=67\"><strong>SOLARIS<\/strong><\/a> permet d\u2019\u00e9crire des sons en correspondance avec des formes graphiques afin de pouvoir les jouer lors de performances. En mode \u00ab\u00a0\u00e9dition\u00a0\u00bb, l\u2019utilisateur d\u00e9finit les modalit\u00e9s de g\u00e9n\u00e9ration du son\u00a0: le type de sons g\u00e9n\u00e9r\u00e9s, les degr\u00e9s de g\u00e9n\u00e9rativit\u00e9 et de hasard, les niveaux d\u2019interactions. Pour chaque disque, Il cr\u00e9\u00e9 ainsi un mod\u00e8le sonore dont l\u2019actualisation d\u00e9pendra de diff\u00e9rents facteurs\u00a0: luminosit\u00e9, vitesse de rotation, couleurs et formes. L\u2019utilisateur peut aussi cr\u00e9er plusieurs mod\u00e8les sonores pour un m\u00eame disque\u00a0: un mod\u00e8le tr\u00e8s bruitiste ou un autre plus harmonieux et minimaliste mais dont la forme finale restera ouverte.<\/p>\n<p>En mode \u00ab\u00a0jeu\u00a0\u00bb, l\u2019utilisateur peut alors performer ses disques en jouant sur les diff\u00e9rents param\u00e8tres voulus\u00a0: acc\u00e9l\u00e9rer ou ralentir le disque, varier la luminosit\u00e9, changer le sens de rotation. La mod\u00e9lisation 3D qui permet de visualiser\u00a0ce que voit la cam\u00e9ra de <a href=\"http:\/\/thierryguibert.fr\/?page_id=67\"><strong>SOLARIS<\/strong><\/a>\u00a0propose une version extrud\u00e9e des disques dont le volume d\u00e9pendra de la valeur des pixels de l\u2019image. Le disque graphique n\u2019est donc pas visualis\u00e9 tel quel mais transform\u00e9. La navigation dans l\u2019espace 3D permet diff\u00e9rentes visualisations de celui-ci et d\u00e9clenche des effets audio.<\/p>\n","protected":false},"excerpt":{"rendered":"<p>CONCRETE est un duo d\u2019artistes Fran\u00e7ais. Il est compos\u00e9 de Thierry Guibert (plasticien multim\u00e9dia, programmeur) et d\u2019Emmanuel Hourquet (Designer graphique 2D\/3D, Vid\u00e9o Jockey). Leur approche du Design est fondamentalement exp\u00e9rimentale : c\u2019est le faire, le prototypage, le test et la d\u00e9mo qui guident les recherches. Trans et inter-m\u00e9dium leurs exp\u00e9rimentations privil\u00e9gient une approche o\u00f9 le&#8230;  <a class=\"excerpt-read-more\" href=\"https:\/\/thierryguibert.fr\/?page_id=383\" title=\"Read CONCRETE\">Read more &raquo;<\/a><\/p>\n","protected":false},"author":1,"featured_media":0,"parent":56,"menu_order":0,"comment_status":"closed","ping_status":"closed","template":"full-width.php","meta":[],"acf":[],"_links":{"self":[{"href":"https:\/\/thierryguibert.fr\/index.php?rest_route=\/wp\/v2\/pages\/383"}],"collection":[{"href":"https:\/\/thierryguibert.fr\/index.php?rest_route=\/wp\/v2\/pages"}],"about":[{"href":"https:\/\/thierryguibert.fr\/index.php?rest_route=\/wp\/v2\/types\/page"}],"author":[{"embeddable":true,"href":"https:\/\/thierryguibert.fr\/index.php?rest_route=\/wp\/v2\/users\/1"}],"replies":[{"embeddable":true,"href":"https:\/\/thierryguibert.fr\/index.php?rest_route=%2Fwp%2Fv2%2Fcomments&post=383"}],"version-history":[{"count":30,"href":"https:\/\/thierryguibert.fr\/index.php?rest_route=\/wp\/v2\/pages\/383\/revisions"}],"predecessor-version":[{"id":887,"href":"https:\/\/thierryguibert.fr\/index.php?rest_route=\/wp\/v2\/pages\/383\/revisions\/887"}],"up":[{"embeddable":true,"href":"https:\/\/thierryguibert.fr\/index.php?rest_route=\/wp\/v2\/pages\/56"}],"wp:attachment":[{"href":"https:\/\/thierryguibert.fr\/index.php?rest_route=%2Fwp%2Fv2%2Fmedia&parent=383"}],"curies":[{"name":"wp","href":"https:\/\/api.w.org\/{rel}","templated":true}]}}