{"id":366,"date":"2016-10-09T14:13:26","date_gmt":"2016-10-09T14:13:26","guid":{"rendered":"http:\/\/thierryguibert.fr\/?page_id=366"},"modified":"2016-11-07T10:34:22","modified_gmt":"2016-11-07T10:34:22","slug":"frack","status":"publish","type":"page","link":"https:\/\/thierryguibert.fr\/?page_id=366","title":{"rendered":"FRACK"},"content":{"rendered":"<p>Cette installation\u00a0est le fruit d&rsquo;une collaboration entre les artistes Sandra et Gaspard B\u00e9bi\u00e9-Val\u00e9rian et Thierry Guibert.<br \/>\nDans la continuit\u00e9 de leur travail sur la notion d\u2019\u00e9nergie, naturelle ou industrielle, les artistes con\u00e7oivent une installation in\u00e9dite permettant de visualiser en temps r\u00e9el le d\u00e9roulement d\u2019un cataclysme et de nous faire basculer dans une perception sensorielle inqui\u00e9tante et fascinante, nous immerger dans un univers \u00e0 la fois physique et d\u00e9mat\u00e9rialis\u00e9.<br \/>\n(texte, photographies et vid\u00e9o, Sandra et Gaspard B\u00e9bi\u00e9-Val\u00e9rian, avec le soutien d&rsquo;<a href=\"http:\/\/www.oudeis.fr\">OUDEIS<\/a>)<\/p>\n<p><iframe loading=\"lazy\" src=\"https:\/\/player.vimeo.com\/video\/190011722\" width=\"640\" height=\"360\" frameborder=\"0\" allowfullscreen=\"allowfullscreen\"><\/iframe><br \/>\n<a href=\"http:\/\/thierryguibert.fr\/wp-content\/uploads\/2016\/10\/Frack-1-e1476021478125.jpg\"><img loading=\"lazy\" class=\"alignnone size-full wp-image-361\" src=\"http:\/\/thierryguibert.fr\/wp-content\/uploads\/2016\/10\/Frack-1-e1476021478125.jpg\" alt=\"frack-1\" width=\"3456\" height=\"4607\" srcset=\"https:\/\/thierryguibert.fr\/wp-content\/uploads\/2016\/10\/Frack-1-e1476021478125.jpg 3456w, https:\/\/thierryguibert.fr\/wp-content\/uploads\/2016\/10\/Frack-1-e1476021478125-225x300.jpg 225w, https:\/\/thierryguibert.fr\/wp-content\/uploads\/2016\/10\/Frack-1-e1476021478125-768x1024.jpg 768w\" sizes=\"(max-width: 3456px) 100vw, 3456px\" \/><\/a><a href=\"http:\/\/thierryguibert.fr\/wp-content\/uploads\/2016\/10\/Frack-2-1.jpg\"><img loading=\"lazy\" class=\"alignnone size-full wp-image-364\" src=\"http:\/\/thierryguibert.fr\/wp-content\/uploads\/2016\/10\/Frack-2-1.jpg\" alt=\"frack-2\" width=\"4608\" height=\"3456\" srcset=\"https:\/\/thierryguibert.fr\/wp-content\/uploads\/2016\/10\/Frack-2-1.jpg 4608w, https:\/\/thierryguibert.fr\/wp-content\/uploads\/2016\/10\/Frack-2-1-300x225.jpg 300w, https:\/\/thierryguibert.fr\/wp-content\/uploads\/2016\/10\/Frack-2-1-768x576.jpg 768w, https:\/\/thierryguibert.fr\/wp-content\/uploads\/2016\/10\/Frack-2-1-1024x768.jpg 1024w\" sizes=\"(max-width: 4608px) 100vw, 4608px\" \/><\/a><img loading=\"lazy\" class=\"alignnone size-full wp-image-367\" src=\"http:\/\/thierryguibert.fr\/wp-content\/uploads\/2016\/10\/Frack-3.jpg\" alt=\"frack-3\" width=\"4608\" height=\"3456\" srcset=\"https:\/\/thierryguibert.fr\/wp-content\/uploads\/2016\/10\/Frack-3.jpg 4608w, https:\/\/thierryguibert.fr\/wp-content\/uploads\/2016\/10\/Frack-3-300x225.jpg 300w, https:\/\/thierryguibert.fr\/wp-content\/uploads\/2016\/10\/Frack-3-768x576.jpg 768w, https:\/\/thierryguibert.fr\/wp-content\/uploads\/2016\/10\/Frack-3-1024x768.jpg 1024w\" sizes=\"(max-width: 4608px) 100vw, 4608px\" \/><\/p>\n","protected":false},"excerpt":{"rendered":"<p>Cette installation\u00a0est le fruit d&rsquo;une collaboration entre les artistes Sandra et Gaspard B\u00e9bi\u00e9-Val\u00e9rian et Thierry Guibert. Dans la continuit\u00e9 de leur travail sur la notion d\u2019\u00e9nergie, naturelle ou industrielle, les artistes con\u00e7oivent une installation in\u00e9dite permettant de visualiser en temps r\u00e9el le d\u00e9roulement d\u2019un cataclysme et de nous faire basculer dans une perception sensorielle inqui\u00e9tante&#8230;  <a class=\"excerpt-read-more\" href=\"https:\/\/thierryguibert.fr\/?page_id=366\" title=\"Read FRACK\">Read more &raquo;<\/a><\/p>\n","protected":false},"author":1,"featured_media":0,"parent":56,"menu_order":0,"comment_status":"closed","ping_status":"closed","template":"full-width.php","meta":[],"acf":[],"_links":{"self":[{"href":"https:\/\/thierryguibert.fr\/index.php?rest_route=\/wp\/v2\/pages\/366"}],"collection":[{"href":"https:\/\/thierryguibert.fr\/index.php?rest_route=\/wp\/v2\/pages"}],"about":[{"href":"https:\/\/thierryguibert.fr\/index.php?rest_route=\/wp\/v2\/types\/page"}],"author":[{"embeddable":true,"href":"https:\/\/thierryguibert.fr\/index.php?rest_route=\/wp\/v2\/users\/1"}],"replies":[{"embeddable":true,"href":"https:\/\/thierryguibert.fr\/index.php?rest_route=%2Fwp%2Fv2%2Fcomments&post=366"}],"version-history":[{"count":8,"href":"https:\/\/thierryguibert.fr\/index.php?rest_route=\/wp\/v2\/pages\/366\/revisions"}],"predecessor-version":[{"id":429,"href":"https:\/\/thierryguibert.fr\/index.php?rest_route=\/wp\/v2\/pages\/366\/revisions\/429"}],"up":[{"embeddable":true,"href":"https:\/\/thierryguibert.fr\/index.php?rest_route=\/wp\/v2\/pages\/56"}],"wp:attachment":[{"href":"https:\/\/thierryguibert.fr\/index.php?rest_route=%2Fwp%2Fv2%2Fmedia&parent=366"}],"curies":[{"name":"wp","href":"https:\/\/api.w.org\/{rel}","templated":true}]}}

<p>Cette installation est le fruit d&rsquo;une collaboration entre les artistes Sandra et Gaspard Bébié-Valérian et Thierry Guibert.<br />
Dans la continuité de leur travail sur la notion d’énergie, naturelle ou industrielle, les artistes conçoivent une installation inédite permettant de visualiser en temps réel le déroulement d’un cataclysme et de nous faire basculer dans une perception sensorielle inquiétante et fascinante, nous immerger dans un univers à la fois physique et dématérialisé.<br />
(texte, photographies et vidéo, Sandra et Gaspard Bébié-Valérian, avec le soutien d&rsquo;<a href="http://www.oudeis.fr">OUDEIS</a>)</p>
<p><iframe loading="lazy" src="https://player.vimeo.com/video/190011722" width="640" height="360" frameborder="0" allowfullscreen="allowfullscreen"></iframe><br />
<a href="http://thierryguibert.fr/wp-content/uploads/2016/10/Frack-1-e1476021478125.jpg"><img loading="lazy" class="alignnone size-full wp-image-361" src="http://thierryguibert.fr/wp-content/uploads/2016/10/Frack-1-e1476021478125.jpg" alt="frack-1" width="3456" height="4607" srcset="https://thierryguibert.fr/wp-content/uploads/2016/10/Frack-1-e1476021478125.jpg 3456w, https://thierryguibert.fr/wp-content/uploads/2016/10/Frack-1-e1476021478125-225x300.jpg 225w, https://thierryguibert.fr/wp-content/uploads/2016/10/Frack-1-e1476021478125-768x1024.jpg 768w" sizes="(max-width: 3456px) 100vw, 3456px" /></a><a href="http://thierryguibert.fr/wp-content/uploads/2016/10/Frack-2-1.jpg"><img loading="lazy" class="alignnone size-full wp-image-364" src="http://thierryguibert.fr/wp-content/uploads/2016/10/Frack-2-1.jpg" alt="frack-2" width="4608" height="3456" srcset="https://thierryguibert.fr/wp-content/uploads/2016/10/Frack-2-1.jpg 4608w, https://thierryguibert.fr/wp-content/uploads/2016/10/Frack-2-1-300x225.jpg 300w, https://thierryguibert.fr/wp-content/uploads/2016/10/Frack-2-1-768x576.jpg 768w, https://thierryguibert.fr/wp-content/uploads/2016/10/Frack-2-1-1024x768.jpg 1024w" sizes="(max-width: 4608px) 100vw, 4608px" /></a><img loading="lazy" class="alignnone size-full wp-image-367" src="http://thierryguibert.fr/wp-content/uploads/2016/10/Frack-3.jpg" alt="frack-3" width="4608" height="3456" srcset="https://thierryguibert.fr/wp-content/uploads/2016/10/Frack-3.jpg 4608w, https://thierryguibert.fr/wp-content/uploads/2016/10/Frack-3-300x225.jpg 300w, https://thierryguibert.fr/wp-content/uploads/2016/10/Frack-3-768x576.jpg 768w, https://thierryguibert.fr/wp-content/uploads/2016/10/Frack-3-1024x768.jpg 1024w" sizes="(max-width: 4608px) 100vw, 4608px" /></p>

<p>Cette installation est le fruit d&rsquo;une collaboration entre les artistes Sandra et Gaspard Bébié-Valérian et Thierry Guibert. Dans la continuité de leur travail sur la notion d’énergie, naturelle ou industrielle, les artistes conçoivent une installation inédite permettant de visualiser en temps réel le déroulement d’un cataclysme et de nous faire basculer dans une perception sensorielle inquiétante&#8230;  <a class="excerpt-read-more" href="https://thierryguibert.fr/?page_id=366" title="Read FRACK">Read more &raquo;</a></p>
