{"id":209,"date":"2015-09-28T08:04:45","date_gmt":"2015-09-28T08:04:45","guid":{"rendered":"http:\/\/thierryguibert.fr\/?page_id=209"},"modified":"2016-12-07T16:30:08","modified_gmt":"2016-12-07T16:30:08","slug":"le-projet-station","status":"publish","type":"page","link":"https:\/\/thierryguibert.fr\/?page_id=209","title":{"rendered":"STATION"},"content":{"rendered":"<p><iframe loading=\"lazy\" src=\"https:\/\/www.youtube.com\/embed\/47bV-MvP_wc\" width=\"420\" height=\"315\" frameborder=\"0\" allowfullscreen=\"allowfullscreen\"><\/iframe><\/p>\n<p><strong>Station<br \/>\n<\/strong><br \/>\nStation est une installation sonore interactive qui propose au visiteur d\u2019entrer en relation avec un paysage sonore. En manipulant des petites sph\u00e8res en mouvement sur l&rsquo;\u00e9cran, l&rsquo;interacteur fait \u00e9voluer la composition. Chaque objet graphique est un son en mouvement dont on peut r\u00e9gler les param\u00e8tres ; la vitesse, le poids, la masse, la direction. La composition sonore qui en d\u00e9coule est spatialis\u00e9e et interactive. Plac\u00e9 au centre de l&rsquo;\u00e9coute, le spectateur fait alors l&rsquo;exp\u00e9rience d&rsquo;un champ sonore en mouvement. Le programme est aussi pr\u00e9vu pour faire \u00e9voluer la composition de mani\u00e8re autonome. Au bout d&rsquo;un temps d&rsquo;inactivit\u00e9, le programme d\u00e9clenche une composition choisie dans une s\u00e9rie de mod\u00e8les qui s&rsquo;ex\u00e9cutera en temps r\u00e9el selon des lois de comportement pr\u00e9programm\u00e9es.<br \/>\nStation est n\u00e9e de la collaboration entre Dominique Leroy artiste plasticien sonore, et Thierry Guibert<br \/>\nplasticien multim\u00e9dia. Station est la version finale de plusieurs recherches expos\u00e9es sous formes de prototypes ; Station_01 (CGA Nantes, France, 2001) et Station_02 (Mons, Belgique, 2003).<\/p>\n<p><strong><a href=\"http:\/\/thierryguibert.fr\/wp-content\/uploads\/2015\/09\/Station-compilation.jpg\"><img loading=\"lazy\" class=\"alignnone size-full wp-image-211\" src=\"http:\/\/thierryguibert.fr\/wp-content\/uploads\/2015\/09\/Station-compilation.jpg\" alt=\"Station-compilation\" width=\"2480\" height=\"3508\" srcset=\"https:\/\/thierryguibert.fr\/wp-content\/uploads\/2015\/09\/Station-compilation.jpg 2480w, https:\/\/thierryguibert.fr\/wp-content\/uploads\/2015\/09\/Station-compilation-212x300.jpg 212w, https:\/\/thierryguibert.fr\/wp-content\/uploads\/2015\/09\/Station-compilation-724x1024.jpg 724w\" sizes=\"(max-width: 2480px) 100vw, 2480px\" \/><\/a><\/strong><\/p>\n<p>G\u00e9n\u00e9rique<br \/>\n<strong>Conception et r\u00e9alisation :<\/strong> Dominique Leroy et Thierry Guibert.<br \/>\n<strong>Partenaires :<\/strong> le CICM, le HISK.<br \/>\n<strong>Remerciements :<\/strong> Garry Kling pour son Xtra \u201cOscar\u201d, Beno\u00eet Courribet pour le d\u00e9veloppement dans MAX\/MSP.<br \/>\n<strong>Production :<\/strong> Dominique Leroy, Thierry Guibert.<br \/>\n<strong>Technique de r\u00e9alisation : <\/strong>Prises de son et, num\u00e9risation sur DAT, traitement sonore<br \/>\nnum\u00e9rique et assemblage sur ordinateur, programmation multim\u00e9dia dans Macromedia Director (pour l\u2019interface de pilotage) et MAX\/MSP (pour le traitement du son et la spatialisation quadriphonique en temps r\u00e9el).<\/p>\n","protected":false},"excerpt":{"rendered":"<p>Station Station est une installation sonore interactive qui propose au visiteur d\u2019entrer en relation avec un paysage sonore. En manipulant des petites sph\u00e8res en mouvement sur l&rsquo;\u00e9cran, l&rsquo;interacteur fait \u00e9voluer la composition. Chaque objet graphique est un son en mouvement dont on peut r\u00e9gler les param\u00e8tres ; la vitesse, le poids, la masse, la direction&#8230;.  <a class=\"excerpt-read-more\" href=\"https:\/\/thierryguibert.fr\/?page_id=209\" title=\"Read STATION\">Read more &raquo;<\/a><\/p>\n","protected":false},"author":1,"featured_media":0,"parent":56,"menu_order":0,"comment_status":"closed","ping_status":"closed","template":"full-width.php","meta":[],"acf":[],"_links":{"self":[{"href":"https:\/\/thierryguibert.fr\/index.php?rest_route=\/wp\/v2\/pages\/209"}],"collection":[{"href":"https:\/\/thierryguibert.fr\/index.php?rest_route=\/wp\/v2\/pages"}],"about":[{"href":"https:\/\/thierryguibert.fr\/index.php?rest_route=\/wp\/v2\/types\/page"}],"author":[{"embeddable":true,"href":"https:\/\/thierryguibert.fr\/index.php?rest_route=\/wp\/v2\/users\/1"}],"replies":[{"embeddable":true,"href":"https:\/\/thierryguibert.fr\/index.php?rest_route=%2Fwp%2Fv2%2Fcomments&post=209"}],"version-history":[{"count":5,"href":"https:\/\/thierryguibert.fr\/index.php?rest_route=\/wp\/v2\/pages\/209\/revisions"}],"predecessor-version":[{"id":753,"href":"https:\/\/thierryguibert.fr\/index.php?rest_route=\/wp\/v2\/pages\/209\/revisions\/753"}],"up":[{"embeddable":true,"href":"https:\/\/thierryguibert.fr\/index.php?rest_route=\/wp\/v2\/pages\/56"}],"wp:attachment":[{"href":"https:\/\/thierryguibert.fr\/index.php?rest_route=%2Fwp%2Fv2%2Fmedia&parent=209"}],"curies":[{"name":"wp","href":"https:\/\/api.w.org\/{rel}","templated":true}]}}